{"id":4967,"date":"2026-04-22T16:43:39","date_gmt":"2026-04-22T21:43:39","guid":{"rendered":"https:\/\/isilbeneficios.test\/?page_id=4967"},"modified":"2026-04-27T16:40:36","modified_gmt":"2026-04-27T21:40:36","slug":"preguntas-frecuentes","status":"publish","type":"page","link":"https:\/\/isil.pe\/beneficios\/preguntas-frecuentes\/","title":{"rendered":"Preguntas frecuentes"},"content":{"rendered":"\t\t<div data-elementor-type=\"wp-page\" data-elementor-id=\"4967\" class=\"elementor elementor-4967\" data-elementor-post-type=\"page\">\n\t\t\t\t<div class=\"elementor-element elementor-element-fdb577f e-flex e-con-boxed e-con e-parent\" data-id=\"fdb577f\" data-element_type=\"container\" data-e-type=\"container\">\n\t\t\t\t\t<div class=\"e-con-inner\">\n\t\t\t\t<div class=\"elementor-element elementor-element-df158fe elementor-widget elementor-widget-heading\" data-id=\"df158fe\" data-element_type=\"widget\" data-e-type=\"widget\" data-widget_type=\"heading.default\">\n\t\t\t\t<div class=\"elementor-widget-container\">\n\t\t\t\t\t<h2 class=\"elementor-heading-title elementor-size-default\">Preguntas frecuentes<\/h2>\t\t\t\t<\/div>\n\t\t\t\t<\/div>\n\t\t\t\t<div class=\"elementor-element elementor-element-946994e elementor-widget__width-initial elementor-widget elementor-widget-n-accordion\" data-id=\"946994e\" data-element_type=\"widget\" data-e-type=\"widget\" data-settings=\"{&quot;default_state&quot;:&quot;expanded&quot;,&quot;max_items_expended&quot;:&quot;one&quot;,&quot;n_accordion_animation_duration&quot;:{&quot;unit&quot;:&quot;ms&quot;,&quot;size&quot;:400,&quot;sizes&quot;:[]}}\" data-widget_type=\"nested-accordion.default\">\n\t\t\t\t<div class=\"elementor-widget-container\">\n\t\t\t\t\t\t\t<div class=\"e-n-accordion\" aria-label=\"Accordion. Open links with Enter or Space, close with Escape, and navigate with Arrow Keys\">\n\t\t\t\t\t\t<details id=\"e-n-accordion-item-1550\" class=\"e-n-accordion-item\" open>\n\t\t\t\t<summary class=\"e-n-accordion-item-title\" data-accordion-index=\"1\" tabindex=\"0\" aria-expanded=\"true\" aria-controls=\"e-n-accordion-item-1550\" >\n\t\t\t\t\t<span class='e-n-accordion-item-title-header'><h3 class=\"e-n-accordion-item-title-text\"> \u00bfQu\u00e9 debo hacer si tengo problemas para canjear un descuento? <\/h3><\/span>\n\t\t\t\t\t\t\t<span class='e-n-accordion-item-title-icon'>\n\t\t\t<span class='e-opened' ><svg aria-hidden=\"true\" class=\"e-font-icon-svg e-fas-minus\" viewBox=\"0 0 448 512\" xmlns=\"http:\/\/www.w3.org\/2000\/svg\"><path d=\"M416 208H32c-17.67 0-32 14.33-32 32v32c0 17.67 14.33 32 32 32h384c17.67 0 32-14.33 32-32v-32c0-17.67-14.33-32-32-32z\"><\/path><\/svg><\/span>\n\t\t\t<span class='e-closed'><svg aria-hidden=\"true\" class=\"e-font-icon-svg e-fas-plus\" viewBox=\"0 0 448 512\" xmlns=\"http:\/\/www.w3.org\/2000\/svg\"><path d=\"M416 208H272V64c0-17.67-14.33-32-32-32h-32c-17.67 0-32 14.33-32 32v144H32c-17.67 0-32 14.33-32 32v32c0 17.67 14.33 32 32 32h144v144c0 17.67 14.33 32 32 32h32c17.67 0 32-14.33 32-32V304h144c17.67 0 32-14.33 32-32v-32c0-17.67-14.33-32-32-32z\"><\/path><\/svg><\/span>\n\t\t<\/span>\n\n\t\t\t\t\t\t<\/summary>\n\t\t\t\t<div role=\"region\" aria-labelledby=\"e-n-accordion-item-1550\" class=\"elementor-element elementor-element-ae8c080 e-con-full e-flex e-con e-child\" data-id=\"ae8c080\" data-element_type=\"container\" data-e-type=\"container\">\n\t\t<div role=\"region\" aria-labelledby=\"e-n-accordion-item-1550\" class=\"elementor-element elementor-element-43c37fe e-flex e-con-boxed e-con e-child\" data-id=\"43c37fe\" data-element_type=\"container\" data-e-type=\"container\">\n\t\t\t\t\t<div class=\"e-con-inner\">\n\t\t\t\t<div class=\"elementor-element elementor-element-cd099e7 elementor-widget elementor-widget-text-editor\" data-id=\"cd099e7\" data-element_type=\"widget\" data-e-type=\"widget\" data-widget_type=\"text-editor.default\">\n\t\t\t\t<div class=\"elementor-widget-container\">\n\t\t\t\t\t\t\t\t\t<p>Si tienes problemas, solo manda un correo a\u00a0<strong data-start=\"179\" data-end=\"198\"><a href=\"mailto:beneficios@isil.pe\">beneficios@isil.pe<\/a><\/strong>\u00a0explicando el problema y te ayudaremos.<\/p>\t\t\t\t\t\t\t\t<\/div>\n\t\t\t\t<\/div>\n\t\t\t\t\t<\/div>\n\t\t\t\t<\/div>\n\t\t\t\t<\/div>\n\t\t\t\t\t<\/details>\n\t\t\t\t\t\t<details id=\"e-n-accordion-item-1551\" class=\"e-n-accordion-item\" >\n\t\t\t\t<summary class=\"e-n-accordion-item-title\" data-accordion-index=\"2\" tabindex=\"-1\" aria-expanded=\"false\" aria-controls=\"e-n-accordion-item-1551\" >\n\t\t\t\t\t<span class='e-n-accordion-item-title-header'><h3 class=\"e-n-accordion-item-title-text\"> Para acceder a mis descuentos \u00bfDebo presentar alg\u00fan documento para validar que soy de ISIL? <\/h3><\/span>\n\t\t\t\t\t\t\t<span class='e-n-accordion-item-title-icon'>\n\t\t\t<span class='e-opened' ><svg aria-hidden=\"true\" class=\"e-font-icon-svg e-fas-minus\" viewBox=\"0 0 448 512\" xmlns=\"http:\/\/www.w3.org\/2000\/svg\"><path d=\"M416 208H32c-17.67 0-32 14.33-32 32v32c0 17.67 14.33 32 32 32h384c17.67 0 32-14.33 32-32v-32c0-17.67-14.33-32-32-32z\"><\/path><\/svg><\/span>\n\t\t\t<span class='e-closed'><svg aria-hidden=\"true\" class=\"e-font-icon-svg e-fas-plus\" viewBox=\"0 0 448 512\" xmlns=\"http:\/\/www.w3.org\/2000\/svg\"><path d=\"M416 208H272V64c0-17.67-14.33-32-32-32h-32c-17.67 0-32 14.33-32 32v144H32c-17.67 0-32 14.33-32 32v32c0 17.67 14.33 32 32 32h144v144c0 17.67 14.33 32 32 32h32c17.67 0 32-14.33 32-32V304h144c17.67 0 32-14.33 32-32v-32c0-17.67-14.33-32-32-32z\"><\/path><\/svg><\/span>\n\t\t<\/span>\n\n\t\t\t\t\t\t<\/summary>\n\t\t\t\t<div role=\"region\" aria-labelledby=\"e-n-accordion-item-1551\" class=\"elementor-element elementor-element-4f3e769 e-con-full e-flex e-con e-child\" data-id=\"4f3e769\" data-element_type=\"container\" data-e-type=\"container\">\n\t\t<div role=\"region\" aria-labelledby=\"e-n-accordion-item-1551\" class=\"elementor-element elementor-element-a113a06 e-flex e-con-boxed e-con e-child\" data-id=\"a113a06\" data-element_type=\"container\" data-e-type=\"container\">\n\t\t\t\t\t<div class=\"e-con-inner\">\n\t\t\t\t<div class=\"elementor-element elementor-element-6639d34 elementor-widget elementor-widget-text-editor\" data-id=\"6639d34\" data-element_type=\"widget\" data-e-type=\"widget\" data-widget_type=\"text-editor.default\">\n\t\t\t\t<div class=\"elementor-widget-container\">\n\t\t\t\t\t\t\t\t\t<p>S\u00ed, debes presentar tu carnet digital desde tu app de ISILNET.<\/p>\t\t\t\t\t\t\t\t<\/div>\n\t\t\t\t<\/div>\n\t\t\t\t\t<\/div>\n\t\t\t\t<\/div>\n\t\t\t\t<\/div>\n\t\t\t\t\t<\/details>\n\t\t\t\t\t\t<details id=\"e-n-accordion-item-1552\" class=\"e-n-accordion-item\" >\n\t\t\t\t<summary class=\"e-n-accordion-item-title\" data-accordion-index=\"3\" tabindex=\"-1\" aria-expanded=\"false\" aria-controls=\"e-n-accordion-item-1552\" >\n\t\t\t\t\t<span class='e-n-accordion-item-title-header'><h3 class=\"e-n-accordion-item-title-text\"> \u00bfDebo comunicarme previamente para adquirir mi descuento? <\/h3><\/span>\n\t\t\t\t\t\t\t<span class='e-n-accordion-item-title-icon'>\n\t\t\t<span class='e-opened' ><svg aria-hidden=\"true\" class=\"e-font-icon-svg e-fas-minus\" viewBox=\"0 0 448 512\" xmlns=\"http:\/\/www.w3.org\/2000\/svg\"><path d=\"M416 208H32c-17.67 0-32 14.33-32 32v32c0 17.67 14.33 32 32 32h384c17.67 0 32-14.33 32-32v-32c0-17.67-14.33-32-32-32z\"><\/path><\/svg><\/span>\n\t\t\t<span class='e-closed'><svg aria-hidden=\"true\" class=\"e-font-icon-svg e-fas-plus\" viewBox=\"0 0 448 512\" xmlns=\"http:\/\/www.w3.org\/2000\/svg\"><path d=\"M416 208H272V64c0-17.67-14.33-32-32-32h-32c-17.67 0-32 14.33-32 32v144H32c-17.67 0-32 14.33-32 32v32c0 17.67 14.33 32 32 32h144v144c0 17.67 14.33 32 32 32h32c17.67 0 32-14.33 32-32V304h144c17.67 0 32-14.33 32-32v-32c0-17.67-14.33-32-32-32z\"><\/path><\/svg><\/span>\n\t\t<\/span>\n\n\t\t\t\t\t\t<\/summary>\n\t\t\t\t<div role=\"region\" aria-labelledby=\"e-n-accordion-item-1552\" class=\"elementor-element elementor-element-68575da e-con-full e-flex e-con e-child\" data-id=\"68575da\" data-element_type=\"container\" data-e-type=\"container\">\n\t\t<div role=\"region\" aria-labelledby=\"e-n-accordion-item-1552\" class=\"elementor-element elementor-element-309e5db e-flex e-con-boxed e-con e-child\" data-id=\"309e5db\" data-element_type=\"container\" data-e-type=\"container\">\n\t\t\t\t\t<div class=\"e-con-inner\">\n\t\t\t\t<div class=\"elementor-element elementor-element-043d083 elementor-widget elementor-widget-text-editor\" data-id=\"043d083\" data-element_type=\"widget\" data-e-type=\"widget\" data-widget_type=\"text-editor.default\">\n\t\t\t\t<div class=\"elementor-widget-container\">\n\t\t\t\t\t\t\t\t\t<p>No es necesario comunicarte previamente. Revisa los\u00a0<strong data-start=\"52\" data-end=\"78\">t\u00e9rminos y condiciones<\/strong> del descuento de tu inter\u00e9s; all\u00ed encontrar\u00e1s el paso a paso para canjearlo.<\/p>\t\t\t\t\t\t\t\t<\/div>\n\t\t\t\t<\/div>\n\t\t\t\t\t<\/div>\n\t\t\t\t<\/div>\n\t\t\t\t<\/div>\n\t\t\t\t\t<\/details>\n\t\t\t\t\t\t<details id=\"e-n-accordion-item-1553\" class=\"e-n-accordion-item\" >\n\t\t\t\t<summary class=\"e-n-accordion-item-title\" data-accordion-index=\"4\" tabindex=\"-1\" aria-expanded=\"false\" aria-controls=\"e-n-accordion-item-1553\" >\n\t\t\t\t\t<span class='e-n-accordion-item-title-header'><h3 class=\"e-n-accordion-item-title-text\"> \u00bfLos descuentos tienen fecha de caducidad? <\/h3><\/span>\n\t\t\t\t\t\t\t<span class='e-n-accordion-item-title-icon'>\n\t\t\t<span class='e-opened' ><svg aria-hidden=\"true\" class=\"e-font-icon-svg e-fas-minus\" viewBox=\"0 0 448 512\" xmlns=\"http:\/\/www.w3.org\/2000\/svg\"><path d=\"M416 208H32c-17.67 0-32 14.33-32 32v32c0 17.67 14.33 32 32 32h384c17.67 0 32-14.33 32-32v-32c0-17.67-14.33-32-32-32z\"><\/path><\/svg><\/span>\n\t\t\t<span class='e-closed'><svg aria-hidden=\"true\" class=\"e-font-icon-svg e-fas-plus\" viewBox=\"0 0 448 512\" xmlns=\"http:\/\/www.w3.org\/2000\/svg\"><path d=\"M416 208H272V64c0-17.67-14.33-32-32-32h-32c-17.67 0-32 14.33-32 32v144H32c-17.67 0-32 14.33-32 32v32c0 17.67 14.33 32 32 32h144v144c0 17.67 14.33 32 32 32h32c17.67 0 32-14.33 32-32V304h144c17.67 0 32-14.33 32-32v-32c0-17.67-14.33-32-32-32z\"><\/path><\/svg><\/span>\n\t\t<\/span>\n\n\t\t\t\t\t\t<\/summary>\n\t\t\t\t<div role=\"region\" aria-labelledby=\"e-n-accordion-item-1553\" class=\"elementor-element elementor-element-f4acbbd e-flex e-con-boxed e-con e-child\" data-id=\"f4acbbd\" data-element_type=\"container\" data-e-type=\"container\">\n\t\t\t\t\t<div class=\"e-con-inner\">\n\t\t<div role=\"region\" aria-labelledby=\"e-n-accordion-item-1553\" class=\"elementor-element elementor-element-30d9215 e-con-full e-flex e-con e-child\" data-id=\"30d9215\" data-element_type=\"container\" data-e-type=\"container\">\n\t\t\t\t<div class=\"elementor-element elementor-element-800404a elementor-widget elementor-widget-text-editor\" data-id=\"800404a\" data-element_type=\"widget\" data-e-type=\"widget\" data-widget_type=\"text-editor.default\">\n\t\t\t\t<div class=\"elementor-widget-container\">\n\t\t\t\t\t\t\t\t\t<p>S\u00ed, cada descuento tiene una fecha de vencimiento. Puedes ver la fecha de caducidad entrando en el descuento que te interesa y buscando la secci\u00f3n\u00a0<strong>\u00abPara usar tus beneficios Isilianos\u00bb<\/strong>. Ah\u00ed encontrar\u00e1s toda la informaci\u00f3n, incluyendo hasta cu\u00e1ndo es v\u00e1lido.<\/p>\t\t\t\t\t\t\t\t<\/div>\n\t\t\t\t<\/div>\n\t\t\t\t<\/div>\n\t\t\t\t\t<\/div>\n\t\t\t\t<\/div>\n\t\t\t\t\t<\/details>\n\t\t\t\t\t\t<details id=\"e-n-accordion-item-1554\" class=\"e-n-accordion-item\" >\n\t\t\t\t<summary class=\"e-n-accordion-item-title\" data-accordion-index=\"5\" tabindex=\"-1\" aria-expanded=\"false\" aria-controls=\"e-n-accordion-item-1554\" >\n\t\t\t\t\t<span class='e-n-accordion-item-title-header'><h3 class=\"e-n-accordion-item-title-text\"> \u00bfLos descuentos son aplicables solo para alumnos o tambi\u00e9n para colaboradores de ISIL? <\/h3><\/span>\n\t\t\t\t\t\t\t<span class='e-n-accordion-item-title-icon'>\n\t\t\t<span class='e-opened' ><svg aria-hidden=\"true\" class=\"e-font-icon-svg e-fas-minus\" viewBox=\"0 0 448 512\" xmlns=\"http:\/\/www.w3.org\/2000\/svg\"><path d=\"M416 208H32c-17.67 0-32 14.33-32 32v32c0 17.67 14.33 32 32 32h384c17.67 0 32-14.33 32-32v-32c0-17.67-14.33-32-32-32z\"><\/path><\/svg><\/span>\n\t\t\t<span class='e-closed'><svg aria-hidden=\"true\" class=\"e-font-icon-svg e-fas-plus\" viewBox=\"0 0 448 512\" xmlns=\"http:\/\/www.w3.org\/2000\/svg\"><path d=\"M416 208H272V64c0-17.67-14.33-32-32-32h-32c-17.67 0-32 14.33-32 32v144H32c-17.67 0-32 14.33-32 32v32c0 17.67 14.33 32 32 32h144v144c0 17.67 14.33 32 32 32h32c17.67 0 32-14.33 32-32V304h144c17.67 0 32-14.33 32-32v-32c0-17.67-14.33-32-32-32z\"><\/path><\/svg><\/span>\n\t\t<\/span>\n\n\t\t\t\t\t\t<\/summary>\n\t\t\t\t<div role=\"region\" aria-labelledby=\"e-n-accordion-item-1554\" class=\"elementor-element elementor-element-76d2a03 e-flex e-con-boxed e-con e-child\" data-id=\"76d2a03\" data-element_type=\"container\" data-e-type=\"container\">\n\t\t\t\t\t<div class=\"e-con-inner\">\n\t\t<div role=\"region\" aria-labelledby=\"e-n-accordion-item-1554\" class=\"elementor-element elementor-element-20539cb e-con-full e-flex e-con e-child\" data-id=\"20539cb\" data-element_type=\"container\" data-e-type=\"container\">\n\t\t\t\t<div class=\"elementor-element elementor-element-ac85061 elementor-widget elementor-widget-text-editor\" data-id=\"ac85061\" data-element_type=\"widget\" data-e-type=\"widget\" data-widget_type=\"text-editor.default\">\n\t\t\t\t<div class=\"elementor-widget-container\">\n\t\t\t\t\t\t\t\t\t<p>Los descuentos son para toda la comunidad ISIL: alumnos, egresados, docentes y personal administrativo. Solo necesitas presentar tu carnet digital desde la app ISILNET.<\/p>\t\t\t\t\t\t\t\t<\/div>\n\t\t\t\t<\/div>\n\t\t\t\t<\/div>\n\t\t\t\t\t<\/div>\n\t\t\t\t<\/div>\n\t\t\t\t\t<\/details>\n\t\t\t\t\t<\/div>\n\t\t\t\t\t<script type=\"application\/ld+json\">{\"@context\":\"https:\\\/\\\/schema.org\",\"@type\":\"FAQPage\",\"mainEntity\":[{\"@type\":\"Question\",\"name\":\"\\u00bfQu\\u00e9 debo hacer si tengo problemas para canjear un descuento?\",\"acceptedAnswer\":{\"@type\":\"Answer\",\"text\":\"Si tienes problemas, solo manda un correo a\\u00a0beneficios@isil.pe\\u00a0explicando el problema y te ayudaremos.\"}},{\"@type\":\"Question\",\"name\":\"Para acceder a mis descuentos \\u00bfDebo presentar alg\\u00fan documento para validar que soy de ISIL?\",\"acceptedAnswer\":{\"@type\":\"Answer\",\"text\":\"S\\u00ed, debes presentar tu carnet digital desde tu app de ISILNET.\"}},{\"@type\":\"Question\",\"name\":\"\\u00bfDebo comunicarme previamente para adquirir mi descuento?\",\"acceptedAnswer\":{\"@type\":\"Answer\",\"text\":\"No es necesario comunicarte previamente. Revisa los\\u00a0t\\u00e9rminos y condiciones del descuento de tu inter\\u00e9s; all\\u00ed encontrar\\u00e1s el paso a paso para canjearlo.\"}},{\"@type\":\"Question\",\"name\":\"\\u00bfLos descuentos tienen fecha de caducidad?\",\"acceptedAnswer\":{\"@type\":\"Answer\",\"text\":\"S\\u00ed, cada descuento tiene una fecha de vencimiento. Puedes ver la fecha de caducidad entrando en el descuento que te interesa y buscando la secci\\u00f3n\\u00a0\\u00abPara usar tus beneficios Isilianos\\u00bb. Ah\\u00ed encontrar\\u00e1s toda la informaci\\u00f3n, incluyendo hasta cu\\u00e1ndo es v\\u00e1lido.\"}},{\"@type\":\"Question\",\"name\":\"\\u00bfLos descuentos son aplicables solo para alumnos o tambi\\u00e9n para colaboradores de ISIL?\",\"acceptedAnswer\":{\"@type\":\"Answer\",\"text\":\"Los descuentos son para toda la comunidad ISIL: alumnos, egresados, docentes y personal administrativo. Solo necesitas presentar tu carnet digital desde la app ISILNET.\"}}]}<\/script>\n\t\t\t\t\t\t\t<\/div>\n\t\t\t\t<\/div>\n\t\t\t\t\t<\/div>\n\t\t\t\t<\/div>\n\t\t<div class=\"elementor-element elementor-element-ada76a3 e-flex e-con-boxed e-con e-child\" data-id=\"ada76a3\" data-element_type=\"container\" data-e-type=\"container\">\n\t\t\t\t\t<div class=\"e-con-inner\">\n\t\t\t\t<div class=\"elementor-element elementor-element-5de8667 elementor-widget elementor-widget-heading\" data-id=\"5de8667\" data-element_type=\"widget\" data-e-type=\"widget\" data-widget_type=\"heading.default\">\n\t\t\t\t<div class=\"elementor-widget-container\">\n\t\t\t\t\t<div class=\"elementor-heading-title elementor-size-default\">ISIL te engr\u00ede con los beneficios m\u00e1s destacados<\/div>\t\t\t\t<\/div>\n\t\t\t\t<\/div>\n\t\t\t\t<div class=\"elementor-element elementor-element-2e7ad0f elementor-widget elementor-widget-heading\" data-id=\"2e7ad0f\" data-element_type=\"widget\" data-e-type=\"widget\" data-widget_type=\"heading.default\">\n\t\t\t\t<div class=\"elementor-widget-container\">\n\t\t\t\t\t<div class=\"elementor-heading-title elementor-size-default\">\u00a1Descubre todo lo que tenemos para ti!<\/div>\t\t\t\t<\/div>\n\t\t\t\t<\/div>\n\t\t\t\t<div class=\"elementor-element elementor-element-b2a4f6c elementor-widget elementor-widget-shortcode\" data-id=\"b2a4f6c\" data-element_type=\"widget\" data-e-type=\"widget\" data-widget_type=\"shortcode.default\">\n\t\t\t\t<div class=\"elementor-widget-container\">\n\t\t\t\t\t\t\t<div class=\"elementor-shortcode\"><div class=\"bii-results-grid bii-grid-cols-4\">        <a class=\"bii-card\" href=\"https:\/\/isil.pe\/beneficios\/beneficio\/toku-sushi-4\/\">\r\n            <div class=\"bii-image-wrap\">\r\n                                <img fetchpriority=\"high\" decoding=\"async\" width=\"768\" height=\"432\" src=\"https:\/\/isil.pe\/beneficios\/wp-content\/uploads\/2026\/04\/combo-4-H-768x432.png\" class=\"attachment-medium_large size-medium_large\" alt=\"\" \/>            <\/div>\r\n            <div class=\"bii-card-meta\">\r\n                <div class=\"bii-provider-logo\"><img decoding=\"async\" width=\"2500\" height=\"2500\" src=\"https:\/\/isil.pe\/beneficios\/wp-content\/uploads\/2026\/04\/LOGO_TOKU-2500x2500-1.png\" class=\"attachment-full size-full\" alt=\"\" \/><\/div>\r\n                <h3>Toku Sushi<\/h3>\r\n            <\/div>\r\n        <\/a>\r\n                <a class=\"bii-card\" href=\"https:\/\/isil.pe\/beneficios\/beneficio\/toku-sushi-3\/\">\r\n            <div class=\"bii-image-wrap\">\r\n                                <img decoding=\"async\" width=\"768\" height=\"432\" src=\"https:\/\/isil.pe\/beneficios\/wp-content\/uploads\/2026\/04\/como-3-H-768x432.png\" class=\"attachment-medium_large size-medium_large\" alt=\"\" \/>            <\/div>\r\n            <div class=\"bii-card-meta\">\r\n                <div class=\"bii-provider-logo\"><img decoding=\"async\" width=\"2500\" height=\"2500\" src=\"https:\/\/isil.pe\/beneficios\/wp-content\/uploads\/2026\/04\/LOGO_TOKU-2500x2500-1.png\" class=\"attachment-full size-full\" alt=\"\" \/><\/div>\r\n                <h3>Toku Sushi<\/h3>\r\n            <\/div>\r\n        <\/a>\r\n                <a class=\"bii-card\" href=\"https:\/\/isil.pe\/beneficios\/beneficio\/toku-sushi-2\/\">\r\n            <div class=\"bii-image-wrap\">\r\n                                <img loading=\"lazy\" decoding=\"async\" width=\"768\" height=\"432\" src=\"https:\/\/isil.pe\/beneficios\/wp-content\/uploads\/2026\/04\/combo-2-H-768x432.png\" class=\"attachment-medium_large size-medium_large\" alt=\"\" \/>            <\/div>\r\n            <div class=\"bii-card-meta\">\r\n                <div class=\"bii-provider-logo\"><img decoding=\"async\" width=\"2500\" height=\"2500\" src=\"https:\/\/isil.pe\/beneficios\/wp-content\/uploads\/2026\/04\/LOGO_TOKU-2500x2500-1.png\" class=\"attachment-full size-full\" alt=\"\" \/><\/div>\r\n                <h3>Toku Sushi<\/h3>\r\n            <\/div>\r\n        <\/a>\r\n                <a class=\"bii-card\" href=\"https:\/\/isil.pe\/beneficios\/beneficio\/toku-sushi\/\">\r\n            <div class=\"bii-image-wrap\">\r\n                                <img loading=\"lazy\" decoding=\"async\" width=\"768\" height=\"432\" src=\"https:\/\/isil.pe\/beneficios\/wp-content\/uploads\/2026\/04\/combo-1-H-768x432.png\" class=\"attachment-medium_large size-medium_large\" alt=\"\" \/>            <\/div>\r\n            <div class=\"bii-card-meta\">\r\n                <div class=\"bii-provider-logo\"><img decoding=\"async\" width=\"2500\" height=\"2500\" src=\"https:\/\/isil.pe\/beneficios\/wp-content\/uploads\/2026\/04\/LOGO_TOKU-2500x2500-1.png\" class=\"attachment-full size-full\" alt=\"\" \/><\/div>\r\n                <h3>Toku Sushi<\/h3>\r\n            <\/div>\r\n        <\/a>\r\n        <\/div><\/div>\n\t\t\t\t\t\t<\/div>\n\t\t\t\t<\/div>\n\t\t\t\t\t<\/div>\n\t\t\t\t<\/div>\n\t\t\t\t<\/div>\n\t\t","protected":false},"excerpt":{"rendered":"<p>Preguntas frecuentes \u00bfQu\u00e9 debo hacer si tengo problemas para canjear un descuento? Si tienes problemas, solo manda un correo a\u00a0beneficios@isil.pe\u00a0explicando el problema y te ayudaremos. Para acceder a mis descuentos \u00bfDebo presentar alg\u00fan documento para validar que soy de ISIL? S\u00ed, debes presentar tu carnet digital desde tu app de ISILNET. \u00bfDebo comunicarme previamente para [&hellip;]<\/p>\n","protected":false},"author":3,"featured_media":0,"parent":0,"menu_order":0,"comment_status":"closed","ping_status":"closed","template":"","meta":{"_acf_changed":false,"footnotes":""},"class_list":["post-4967","page","type-page","status-publish","hentry"],"acf":[],"_links":{"self":[{"href":"https:\/\/isil.pe\/beneficios\/wp-json\/wp\/v2\/pages\/4967","targetHints":{"allow":["GET"]}}],"collection":[{"href":"https:\/\/isil.pe\/beneficios\/wp-json\/wp\/v2\/pages"}],"about":[{"href":"https:\/\/isil.pe\/beneficios\/wp-json\/wp\/v2\/types\/page"}],"author":[{"embeddable":true,"href":"https:\/\/isil.pe\/beneficios\/wp-json\/wp\/v2\/users\/3"}],"replies":[{"embeddable":true,"href":"https:\/\/isil.pe\/beneficios\/wp-json\/wp\/v2\/comments?post=4967"}],"version-history":[{"count":52,"href":"https:\/\/isil.pe\/beneficios\/wp-json\/wp\/v2\/pages\/4967\/revisions"}],"predecessor-version":[{"id":5411,"href":"https:\/\/isil.pe\/beneficios\/wp-json\/wp\/v2\/pages\/4967\/revisions\/5411"}],"wp:attachment":[{"href":"https:\/\/isil.pe\/beneficios\/wp-json\/wp\/v2\/media?parent=4967"}],"curies":[{"name":"wp","href":"https:\/\/api.w.org\/{rel}","templated":true}]}}